 What is a(w)?
-8
Let c(v) = -v + 7. Suppose -2*q = -5*q + 15. Let x = q + 1. Calculate c(x).
1
Let z(c) = -2*c**2 + 7*c - 4. Let t be 1*2*(-6)/(-4). Let x be (9/(-3))/t - -5. What is z(x)?
-8
Let n(q) = -21*q**2 + q - 4. Let i(s) = -4*s**2 - 1. Let k(t) = 11*i(t) - 2*n(t). Calculate k(-2).
-7
Let f(j) = -j**3 + 4*j**2 - j - 4. Let y be f(2). Let s(m) be the second derivative of 0 - 1/10*m**5 + 1/3*m**3 + 1/6*m**4 + 0*m**y + 3*m. What is s(2)?
-4
Let v(t) = t**3 + 3*t**2 + 7*t + 8. Let h(b) = b**3 + 2*b**2 + 6*b + 7. Let p(q) = 6*h(q) - 5*v(q). Determine p(3).
5
Let j = 14 + -9. Suppose o + 13 = -2*v + 2, 0 = -3*o + j*v - 11. Let z(f) = f**3 + 7*f**2 + 2*f + 5. Give z(o).
-9
Suppose 5*c - c - 8 = 0. Let v(l) = -1 - 1 - l + 0*l + 4*l. What is v(c)?
4
Let x(o) be the first derivative of 1/3*o**3 + 7*o + 4*o**2 - 5. What is x(-6)?
-5
Let s(q) be the first derivative of -q**3 + 0*q**2 - 7/120*q**5 + 0*q - 3 + 0*q**4. Let l(p) be the third derivative of s(p). Calculate l(1).
-7
Let c(z) = -z**2 - 3*z - 5. Let s(a) = -2*a**2 + 4 - 3*a**2 + 3*a + 6*a**2. Let v(m) = 4*c(m) + 5*s(m). Give v(-4).
4
Let p(m) = -m**2 + 5*m. Suppose 72 = t + t. Let a = 25 - t. Let y = a - -15. Determine p(y).
4
Let n(h) = h + 6. Suppose -2*j = -0*j. Suppose j*m = -3*m + 3. Let y = m - 4. Determine n(y).
3
Let y(p) = 1 - 5*p + 1 - 1 + p**2. What is y(3)?
-5
Let z(k) = k**3 + 7*k**2 - 1. Suppose 7 = 2*a - t, 2*a + 10 = -4*t + 2. Let m = a - 9. Calculate z(m).
-1
Let m(h) = 2*h + 3. Let f = 8 - 1. Let t = 2 - f. Give m(t).
-7
Let c(d) = -d**3 + 9*d**2 + 6. Let h be c(9). Let j(w) = -4*w**2 + 2*w**2 + w**2 - 5*w - w**3 + 8*w**2 - 3. What is j(h)?
3
Let k = -4 + -1. Let t(v) be the first derivative of v**5/60 + 5*v**4/24 + 2*v**2 - 2. Let x(n) be the second derivative of t(n). Give x(k).
0
Let j(v) = 4*v**2 - 5*v + 1. Let a(q) = -5*q**2 + 5*q - 2. Let r(c) = -5*a(c) - 6*j(c). Suppose -36 = -4*i + 12. Let s = -17 + i. Calculate r(s).
4
Suppose -5*l + 0*l + 20 = 0. Suppose 2*p + 4 = -2*p, l*q + 5*p = -5. Let i(d) = -1. Let r(a) = -a**2 - a - 6. Let h(f) = 2*i(f) - r(f). Give h(q).
4
Let p be (-2 + 1)*-2 + 2. Let u(g) = g**3 - 11*g**2 - 3*g + 8. Let y(x) = 3*x**3 - 32*x**2 - 8*x + 23. Let d(c) = 17*u(c) - 6*y(c). What is d(p)?
2
Let t(g) = -3*g**3 - 7*g - 7. Let j(l) = -3*l**3 + 5*l + 5. Let u(a) = -a**3 + 3*a + 3. Let s(x) = 3*j(x) - 7*u(x). Let m(r) = -4*s(r) + 3*t(r). Give m(-2).
5
Let y(b) be the second derivative of -b**4/12 - b**3/3 - 3*b**2/2 - 2*b. Suppose 5*g - 4 - 6 = 0. Let w be (4/(-6))/(g/6). Give y(w).
-3
Let t(z) = 2*z - 13. Let a be t(12). Let l(v) = -1 - 8*v + 3 - 4 + a*v - v**2. What is l(5)?
-12
Let t(s) = -s - 5. Let u be -1 - 0/(3 - 1). Let f be ((-6)/(-4) + u)*2. Suppose -7 + f = l. What is t(l)?
1
Let k(m) = 7*m**3 - m**2 + m - 1. Suppose -s + 13 = 3*q, -2*s - 2*q - 2*q + 18 = 0. What is k(s)?
6
Let d be (2 + -2)*7/28. Let v(a) = -a - 10. Give v(d).
-10
Let s(n) = 2*n - 2. Let v be s(-2). Let x be (21/(-9) + 2)*v. Let d(a) = 6 - 3*a**2 + 5*a**x - a**2 + 6*a. Determine d(-4).
-2
Let p(v) = v**3 - 13*v**2 + 11*v + 14. Let i be p(12). Suppose 5*m = z + 24, -m + 0*m = -i*z - 12. Let g(c) = -5*c - c**2 + 5*c**2 - 4 - 5*c**2. Give g(z).
0
Suppose 2*w - 5*d + 4*d = 1, 3*d = 15. Let n(j) = -w - 8*j + 16*j + 3. Suppose 2*i + 2 = 4. What is n(i)?
8
Let b(q) = q**3 + 9*q**2 + 5. Let c be b(-9). Suppose 5*p - 2 = 13. Suppose -p*h = -s + 1, -2 = h - c*s + 3. Let y(i) = i - 9. Give y(h).
-9
Let i(m) = 9*m + 7. Let y(r) = -r - 1. Let t(c) = -i(c) - 4*y(c). Suppose h + 22 = 5*k, -4*k + 12 = -5*h - 14. Determine t(h).
7
Suppose -2 - 1 = -f. Let d(t) = 6*t + 0*t - 4*t - 3 + 4*t**2 + 3*t - t**f. Give d(5).
-3
Let c(r) = -r**3 + 2*r - 2. Let s(o) = -o**2 - 14*o + 2. Let y be s(-14). Give c(y).
-6
Let b(a) = -a**3 - 5*a**2 + 2 - 4*a**3 - 62*a + 65*a + 6*a**3. Calculate b(4).
-2
Let r(g) = -g**2 + 9*g - 3. Suppose 0 = -2*x + 18. Calculate r(x).
-3
Let s(w) = -2*w + 2. Suppose 2*a - 4*g + 32 = 8, 3*g - 15 = 0. Let c = 5 + a. Determine s(c).
-4
Let r(v) = -3*v + 4. Let q(y) = -2*y + 2. Let h(a) = -5*q(a) + 3*r(a). Let t = 24 + -23. Let s = t + -6. Determine h(s).
-3
Suppose c - 4 = -c. Suppose -2*k + 3 = -5*o, 11 = -c*k + 4*k + 3*o. Let y(z) be the first derivative of -z**2/2 + 4. Calculate y(k).
-4
Let p(g) = -3*g - 4. Suppose -b - 4 = -0. Let f = -3 + b. Let d = -11 - f. Calculate p(d).
8
Let l(p) be the third derivative of -1/24*p**4 - 1/360*p**6 + 3*p**2 + 0 + 0*p + 0*p**3 + 0*p**5. Let u(q) be the second derivative of l(q). Calculate u(-5).
10
Let s(j) be the second derivative of 2*j**3/3 + j**2/2 + 12*j. Calculate s(-1).
-3
Let i(z) = -2*z**3 + z**2. Let n be ((-2)/3)/(8 + (-132)/18). Calculate i(n).
3
Let v(a) = -a**2 + 5*a + 7. Suppose 4*z - 4*o = 28, -2*z + 0*o + 14 = 3*o. Let x be 4*2*z/8. Give v(x).
-7
Let b(j) = -1 + 1 - 2*j. Let p = 27 + -15. Suppose 4*c - 7 = m, -m + p = -3*c - 6*m. Calculate b(c).
-2
Let x(a) = a**3 + 1. Let p be x(1). Suppose -7 = -p*d - 3. Let v(s) = 3*s + s - d*s. Determine v(-3).
-6
Let s(l) = l + 0*l + 1 - 2*l. Let z(g) = 15*g. Let r(f) = -4*f. Let y(q) = 9*r(q) + 2*z(q). Let b(v) = -3*s(v) + y(v). Determine b(-4).
9
Let n be 22/(-6) + (-2)/6. Let q = 7 + -5. Let w(o) = -3*o**2 - 5*o - 1 + q*o**2 - 2. Determine w(n).
1
Let z be 7*-1 + (-3 - -5). Let g(l) be the second derivative of -l**5/120 - 3*l**4/8 + 7*l**3/6 - 5*l. Let b(n) be the second derivative of g(n). What is b(z)?
-4
Let y = -32 - -32. Let o(i) = 3*i**3 + 7*i**2 - 10*i + 24. Let j(u) = -u**3 - 2*u**2 + 3*u - 8. Let s(n) = -7*j(n) - 2*o(n). What is s(y)?
8
Suppose 5*m = -5*r, -5*r + 3*m + 0*m = 0. Let w(k) = k**3 + 14. Calculate w(r).
14
Suppose -3*q + 8*q = 35. Let w(r) = -2*r**2 + 5*r - 2*r**2 + r**3 - 7 - q*r. Let j = 3 - -2. Determine w(j).
8
Let q(l) = -l**2 - 8*l - 8. Suppose 4*z = -w - 22, 0 = z + w - 0*w + 4. What is q(z)?
4
Let l(d) = -d**2 - 3*d + 1. Let h = 6 - 3. Suppose -13 - 2 = h*z. Give l(z).
-9
Suppose 20 + 55 = 3*n. Suppose 0 = -m - 4*m + n. Suppose m*a = 4*u - 21, -2*u + 5 = -4*a - 13. Let z(f) = f**2 + 6*f - 1. Calculate z(a).
-6
Let a be ((-7)/14)/(1/(-14)). Let g = -5 + a. Let c(s) = 3*s - 11*s - s**2 + 9*s. What is c(g)?
-2
Let d be 0 + -6 + 0 + -1 + 4. Let g(z) = z**2 - z - 4. What is g(d)?
8
Let u = 17 - 16. Suppose -i + 5*m = 12, 5*i - 2*m = -m + 12. Let p(o) = -o + 2*o**2 + 0*o**i - o - o**3 + 1. Calculate p(u).
0
Let o(a) be the third derivative of a**5/120 + 5*a**4/24 + a**3/6 - 3*a**2. Let v(d) be the first derivative of o(d). Calculate v(-6).
-1
Let t(z) = -z**3 + 6*z**2 - 4*z - 1. Suppose 3*q - 3*o - 24 = 0, -5*q + o = -20 - 8. What is t(q)?
4
Let x = -8 - -10. Let k(m) = -3 + 5*m + m**3 - m - 3*m + 4*m**x. Calculate k(-3).
3
Let a(v) be the first derivative of -5*v - 2*v**2 + 2*v**2 - 3*v**2 + 1 + 2*v**2. Calculate a(-5).
5
Let r be 27/4 - 5/(-20). Let l(q) = r - q**3 - 6 - q + 0*q. Let f(v) = -3*v**3 - 4*v**2 + 2*v + 8. Let t(o) = -f(o) + 2*l(o). Give t(-5).
-11
Let o(r) = -1. Let u = 3 + -2. Let t(m) = -m + 3. Let d(n) = u*t(n) - 5*o(n). Determine d(0).
8
Let t(b) be the first derivative of -b**3/6 - 3*b**2 + 5*b - 5. Let h(p) be the first derivative of t(p). Give h(-5).
-1
Let l(r) be the first derivative of -r**2/2 + 5*r - 1. Let g be -6*1 + (-1 - -2). Let w(b) = b - 4. Let j(v) = g*l(v) - 6*w(v). What is j(-4)?
3
Let w(r) = r**3 - 4*r**2 - r + 1. Let x = -15 + 17. Give w(x).
-9
Let y(r) = r**2 - 8*r + r + 5 + r. What is y(4)?
-3
Let y(j) = j**3 - 7*j**2 + 4*j + 6. Suppose -l + 3*m = l, -4*l + 3*m = 0. Let v be -3*(1 + l) - -9. Determine y(v).
-6
Let k(n) = -10*n + 1 + 3*n + 0*n + 0. Let o be k(1). Let p be (-70)/(-15) - 2/o. Let s(w) = -w**3 + 5*w**2 - 2*w + 2. Calculate s(p).
-8
Let t(w) = -w + 1. Suppose 2*q + 2*q = -16. Let c be q/(-5)*(-5)/(-2). Suppose h - 2*x - 1 = -0, -c*h - 7 = 5*x. Calculate t(h).
2
Let h(i) = -i. Let d(t) be the first derivative of -3 + 5/2*t**2 - t. Let y(z) = -2*d(z) - 9*h(z). What is y(0)?
2
Let g = -2 - -1. Let f(x) be the first derivative of 0*x + 3 + 0*x**2 - 1/3*x**3 - 3/2*x**4. Give f(g).
5
Let p(c) be the first derivative of c**3 - 1/12*c**4 + 0*c + c**2 - 1. Let m(d) be the second derivative of p(d). Calculate m(4).
-2
Let o(t) = -t**3 + 9 + 2*t**3 - 7 + t**2. Give o(-2).
-2
Let r(z) = 4*z**3 + 2*z**2 + z 